{"id":5,"date":"2019-11-25T07:02:35","date_gmt":"2019-11-25T07:02:35","guid":{"rendered":"https:\/\/heizungen-mieten.com\/?page_id=5"},"modified":"2019-12-06T12:39:32","modified_gmt":"2019-12-06T12:39:32","slug":"home","status":"publish","type":"page","link":"https:\/\/heizungen-mieten.com\/","title":{"rendered":"Home"},"content":{"rendered":"<div class=\"page-content\">\r\n<div class=\"push \" style=\"height: 30px;\"><\/div>\r\n<div class=\"row \">\r\n<div id=\"wpv-column-420c88514976af743911a2bf6a334f7b\" class=\"wpv-grid grid-1-1 wpv-first-level first unextended no-extended-padding\" style=\"padding-top: 0.05px; padding-bottom: 0.05px;\">\r\n<h1 style=\"text-align: center;\">Mobile Heizungen mieten f\u00fcr Baustellen, Gesch\u00e4fte, Hallen und Events<\/h1>\r\n<\/div>\r\n<\/div>\r\n<div class=\"row \">\r\n<div id=\"wpv-column-23fa8c332435f6e46e9773fb279e26e5\" class=\"wpv-grid grid-1-1 wpv-first-level first unextended has-extended-padding\" style=\"padding-top: 0.05px; padding-bottom: 0.05px;\">\r\n<div class=\"row \">\r\n<div id=\"wpv-column-89164f8fa8e94f57c5d25133fe3714c8\" class=\"wpv-grid grid-2-3 first unextended no-extended-padding\" style=\"padding-top: 0.05px; padding-bottom: 0.05px;\">\r\n<div class=\"push \" style=\"height: 30px;\"><\/div>\r\n<p style=\"text-align: left;\">Mit mobilen Heizger\u00e4ten lassen sich viele Heizl\u00f6sungen realisieren und somit zahlreiche Anwendungen abdecken. Unsere Mietheizungen helfen Ihnen schnell und unkompliziert in folgenden F\u00e4llen:<\/p>\r\n\r\n<ul style=\"text-align: left;\">\r\n \t<li style=\"text-align: left;\">Bei Ausfall Ihrer bestehenden Heizanlage<\/li>\r\n \t<li style=\"text-align: left;\">Zur Baustellenbeheizung<\/li>\r\n \t<li style=\"text-align: left;\">Als Frostschutz\u00fcberwachung<\/li>\r\n \t<li style=\"text-align: left;\">F\u00fcr Lagerhallen oder Werkst\u00e4tten<\/li>\r\n \t<li style=\"text-align: left;\">Zur Beheizung Ihrer Veranstaltungsr\u00e4ume<\/li>\r\n<\/ul>\r\n<h3 style=\"text-align: left;\">\r\n<p class=\"\" style=\"z-index:1000000;\"><a class=\"vamtam-button accent4 button-filled hover-accent2 \" style=\"font-size: 24px;\" href=\"https:\/\/www.climateenergy.de\/kontakt\/\" target=\"_self\" \" rel=\"noopener noreferrer\"><span class=\"btext\" data-text=\"Jetzt Kontakt aufnehmen und individuelles Angebot anfordern!\">Jetzt Angebot f\u00fcr mobile Heizger\u00e4te anfordern<\/span><\/a><\/p>\r\n<\/h3>\r\n<p>Wir sind rund um die Uhr erreichbar und erstellen Ihnen innerhalb weniger Stunden ein Angebot f\u00fcr Ihre mobile Heizl\u00f6sung. Senden Sie uns noch heute Ihre Anfrage an :<\/p>\r\n<h4 style=\"text-align: left;\"><i class=\"fa fa-envelope-square\"><\/i>\u00a0\u00a0\u00a0 <a><strong>info@climateenergy.de<\/strong><\/a><\/h4>\r\n<h1 style=\"text-align: center;\"><i class=\"fa fa-phone-square\"><\/i>\u00a0\u00a0\u00a0 <a><strong>0800 800 230 230<\/strong><\/a><\/h1><\/h1>\r\n<\/div>\r\n<div id=\"wpv-column-6db39ae88114a81d5583ed61edf8a248\" class=\"wpv-grid grid-1-3 unextended no-extended-padding\" style=\"padding-top: 0.05px; padding-bottom: 0.05px;\">\r\n\r\n<img decoding=\"async\" loading=\"lazy\" class=\"alignnone size-medium wp-image-68 alignright\" src=\"\/wp-content\/themes\/mod\/img\/service247-300x300.jpg\" alt=\"Service 24\/7, rund um die Uhr\" width=\"300\" height=\"300\" \/>\r\n\r\n<\/div>\r\n<\/div>\r\n<div class=\"row \">\r\n<div id=\"wpv-column-835a6228e6ba3e6abcd73660b2277be6\" class=\"wpv-grid grid-1-1 first unextended no-extended-padding\" style=\"padding-top: 0.05px; padding-bottom: 0.05px;\">\r\n<div class=\"push \" style=\"height: 20px;\"><\/div>\r\n\r\n<\/div>\r\n<\/div>\r\n<\/div>\r\n<\/div>\r\n\r\n<div class=\"row \">\r\n<div id=\"wpv-column-9145038209ddc82c2977bd4ca211ae7b\" class=\"wpv-grid grid-1-1 wpv-first-level first unextended has-extended-padding\" style=\"padding-top: 0.05px; padding-bottom: 0.05px;\">\r\n<div class=\"row \">\r\n<div id=\"wpv-column-9834b361cd7f0e0934d0bd5b00a71f70\" class=\"wpv-grid grid-1-1 first unextended no-extended-padding\" style=\"padding-top: 0.05px; padding-bottom: 0.05px;\">\r\n\r\n<div class=\"row \">\r\n<div id=\"wpv-column-a1c43fd08ce3ab4d398043bd969fa24b\" class=\"wpv-grid grid-1-2 first unextended no-extended-padding\" style=\"padding-top: 0.05px; padding-bottom: 0.05px;\">\r\n<h3 style=\"text-align: left;\">Die Vorteile mobiler Heizger\u00e4te auf einen Blick<\/h3>\r\n<p style=\"text-align: left;\">Wir vermieten Ihnen unsere mobilen Heizungen individuell nach Ihrem Bedarf. Das bedeutet, Sie bezahlen W\u00e4rme nur wenn Sie sie ben\u00f6tigen \u2013 hohe Investitionskosten, lange Lieferzeiten und aufw\u00e4ndige Wartung entfallen. Zudem k\u00f6nnen Sie mit mobilen Mietheizungen St\u00f6rungen, Umbau- und Reparaturarbeiten \u00fcberbr\u00fccken sowie saisonbedingte Spitzen abdecken. <\/p>\r\n\r\n<\/div>\r\n<div id=\"wpv-column-4582246ca7679ce17b7bbb33ed05d4a5\" class=\"wpv-grid grid-1-2 unextended no-extended-padding\" style=\"padding-top: 0.05px; padding-bottom: 0.05px;\">\r\n<h3 style=\"text-align: left;\">Ihr kompetenter Partner f\u00fcr mobile Heizger\u00e4te<\/h3>\r\n<p style=\"text-align: left;\">Climate Energy ist Spezialist f\u00fcr jegliche Arten von K\u00e4lte-, Klima- und Heizl\u00f6sungen. Dank unserer jahrelangen Erfahrung im Bereich der Klimatechnik k\u00f6nnen wir Ihnen Rundum-Service bei der Vermietung unserer mobilen Heizger\u00e4te bieten. Unser kompetentes Fachpersonal erstellt Ihnen in K\u00fcrze ein detailliertes und individuelles Angebot und \u00fcbernimmt den kompletten Service inklusive Aufbau, Inbetriebnahme und Wartung. <\/p>\r\n\r\n<\/div>\r\n<\/div>\r\n\r\n<div class=\"row \">\r\n\r\n<\/div>\r\n<div class=\"sep\"><\/div>\r\n<div>\r\n\r\n\r\n<\/div>\r\n\r\n<\/div>\r\n<\/div>\r\n<\/div>\r\n<div class=\"limit-wrapper\">\r\n<div class=\"sep-text single centered\">\r\n\r\n<p class=\"textcenter\" style=\"z-index:1000000;\"><a class=\"vamtam-button accent4 button-filled hover-accent2 \" style=\"font-size: 24px;\" href=\"https:\/\/www.climateenergy.de\/kontakt\/\" target=\"_self\" \" rel=\"noopener noreferrer\"><span class=\"btext\" data-text=\"Jetzt Kontakt aufnehmen und individuelles Angebot anfordern!\">Jetzt Kontakt aufnehmen und individuelles Angebot anfordern!<\/span><\/a><\/p>\r\n<div class=\"content\">\r\n\r\n<\/div>\r\n\r\n\r\n<\/div>\r\n<\/div>\r\n<div class=\"push \" style=\"height: 20px;\"><\/div>\r\n<div class=\"row \">\r\n<div id=\"wpv-column-7021f1628e4065bd1a9e8fcc4b52bf1a\" class=\"wpv-grid grid-1-1 wpv-first-level first has-background unextended no-extended-padding\" style=\"background-color: #364352; padding-top: 20px; padding-bottom: 20px;\"><style>#wpv-column-7021f1628e4065bd1a9e8fcc4b52bf1a p,#wpv-column-7021f1628e4065bd1a9e8fcc4b52bf1a em,#wpv-column-7021f1628e4065bd1a9e8fcc4b52bf1a h1,#wpv-column-7021f1628e4065bd1a9e8fcc4b52bf1a h2,#wpv-column-7021f1628e4065bd1a9e8fcc4b52bf1a h3,#wpv-column-7021f1628e4065bd1a9e8fcc4b52bf1a h4,#wpv-column-7021f1628e4065bd1a9e8fcc4b52bf1a h5,#wpv-column-7021f1628e4065bd1a9e8fcc4b52bf1a h6,#wpv-column-7021f1628e4065bd1a9e8fcc4b52bf1a .column-title,#wpv-column-7021f1628e4065bd1a9e8fcc4b52bf1a .sep-text h2.regular-title-wrapper,#wpv-column-7021f1628e4065bd1a9e8fcc4b52bf1a .text-divider-double,#wpv-column-7021f1628e4065bd1a9e8fcc4b52bf1a .sep-text .sep-text-line,#wpv-column-7021f1628e4065bd1a9e8fcc4b52bf1a .sep,#wpv-column-7021f1628e4065bd1a9e8fcc4b52bf1a .sep-2,#wpv-column-7021f1628e4065bd1a9e8fcc4b52bf1a .sep-3,#wpv-column-7021f1628e4065bd1a9e8fcc4b52bf1a td,#wpv-column-7021f1628e4065bd1a9e8fcc4b52bf1a th,#wpv-column-7021f1628e4065bd1a9e8fcc4b52bf1a caption{color:#b7c3d0;}#wpv-column-7021f1628e4065bd1a9e8fcc4b52bf1a:before{background-color:transparent;}<\/style>\r\n<div class=\"row \">\r\n<div id=\"wpv-column-7d14d35b3e3da614fc634677c24c3a6d\" class=\"wpv-grid grid-1-3 first unextended no-extended-padding\" style=\"padding-top: 0.05px; padding-bottom: 0.05px;\">\r\n\r\n\r\n<h3 style=\"text-align: center;\">F\u00fcr jede Anwendung die passende Mietheizung<\/h3>\r\n<\/div>\r\n<div id=\"wpv-column-084906d42334b12584a3ceef0bdba8ba\" class=\"wpv-grid grid-1-3 unextended no-extended-padding\" style=\"padding-top: 0.05px; padding-bottom: 0.05px;\">\r\n\r\n<h3 style=\"text-align: center;\">Die Vorteile unserer mobilen Elektroheizungen<\/h3>\r\n<\/div>\r\n<div id=\"wpv-column-6782b19b08f6bd44565c706c0c93a1a6\" class=\"wpv-grid grid-1-3 unextended no-extended-padding\" style=\"padding-top: 0.05px; padding-bottom: 0.05px;\">\r\n\r\n\r\n<h3 style=\"text-align: center;\">Die Vorteile unserer mobilen \u00d6lheizgebl\u00e4se<\/h3>\r\n<\/div>\r\n<\/div>\r\n<div class=\"row \">\r\n<div id=\"wpv-column-fb9830022cbcc371db8faa7794cf72b4\" class=\"wpv-grid grid-1-3 first unextended no-extended-padding\" style=\"padding-top: 0.05px; padding-bottom: 0.05px; color:#b7c3d0;\">\r\n\r\nVon der Beheizung gro\u00dfer Geb\u00e4ude bis hin zur punktuellen W\u00e4rme &#8211; wir vermieten Ihnen das passende Heizger\u00e4t. Unsere Mietflotte reicht vom 3 kW Elektroheizger\u00e4t bis zum 170 kW \u00d6lheizgebl\u00e4se. F\u00fcr folgende R\u00e4umlichkeiten k\u00f6nnen unsere mobilen Heizungen unter anderem eingesetzt werden:\r\n<ul>\r\n<li>Technikr\u00e4ume<\/li>\r\n<li>Werkst\u00e4tten<\/li>\r\n<li>Baustellen<\/li>\r\n<li>Zelte und Events<\/li>\r\n<li>B\u00fcrogeb\u00e4ude<\/li>\r\n<li>Ladengesch\u00e4fte<\/li>\r\n<\/ul>\r\n\r\n<\/div>\r\n<div id=\"wpv-column-5099fbdfbc1adaa65ae86d6fe7ce37ae\" class=\"wpv-grid grid-1-3 unextended no-extended-padding\" style=\"padding-top: 0.05px; padding-bottom: 0.05px; color:#b7c3d0;\">\r\n\r\n<ul>\r\n<li>Kompakt: leicht zu transportieren<\/li>\r\n<li>Einfach: lediglich Stromanschluss ist notwendig, kein Abgasanschluss<\/li>\r\n<li>Schnell: Heizenergie sofort verf\u00fcgbar<\/li>\r\n<li>Umweltfreundlich: Keine Abgase<\/li>\r\n<li>Konstant: Schnelle und gleichm\u00e4\u00dfige W\u00e4rme<\/li>\r\n<li>Flexibel: Durch mehrere Heizstufen gut regelbar<\/li>\r\n<\/ul>\r\n\r\n\r\n<\/div>\r\n<div id=\"wpv-column-1610d536ff768bd3fbf9db18a51c8da2\" class=\"wpv-grid grid-1-3 unextended no-extended-padding\" style=\"padding-top: 0.05px; padding-bottom: 0.05px; color:#b7c3d0;\">\r\n\r\n<ul>\r\n<li>Leistungsstark: Beheizung gro\u00dfer Geb\u00e4ude m\u00f6glich<\/li>\r\n<li>Zuverl\u00e4ssig: auch im Dauerbetrieb<\/li>\r\n<li>Effizient: W\u00e4rmeerzeugung mit hohem Wirkungsgrad<\/li>\r\n<li>Modulierbar: Gro\u00dfe Temperaturerh\u00f6hungen m\u00f6glich<\/li>\r\n<li>Flexibel: Warmluftschl\u00e4uche erm\u00f6glichen Transport hei\u00dfer Luft \u00fcber gr\u00f6\u00dfere Strecken <\/li>\r\n<\/ul>\r\n\r\n<\/div>\r\n<\/div>\r\n<\/div>\r\n\r\n<div class=\"row \">\r\n<div id=\"wpv-column-9de50027dc6daa06b6b6a31313c0dd3a\" class=\"wpv-grid grid-1-2 first unextended no-extended-padding\" style=\"padding-top: 0.05px; padding-bottom: 0.05px;\">\r\n<div class=\"linkarea clearfix accent4 background-transparent\" style=\"min-height: 486px;\" tabindex=\"1\" data-href=\"https:\/\/www.climateenergy.de\/kontakt\/\" data-target=\"_self\">\r\n<div class=\"first\"><img decoding=\"async\" loading=\"lazy\" class=\"aligncenter wp-image-230 size-full\" src=\"\/wp-content\/uploads\/2019\/12\/shutterstock_1165191418.jpg\" alt=\"Mobiles \u00d6lheizgebl\u00e4se\" width=\"1400\" height=\"402\" \/><\/div>\r\n<div class=\"last\">\r\n<h2 style=\"text-align: center;\">Geb\u00e4udeheizung<\/h2>\r\n<\/div>\r\n<\/div>\r\n<\/div>\r\n<div id=\"wpv-column-62b076e72a1f96b37d7e7b61944e6c73\" class=\"wpv-grid grid-1-2 unextended no-extended-padding\" style=\"padding-top: 0.05px; padding-bottom: 0.05px;\">\r\n<div class=\"linkarea clearfix accent4 background-transparent\" style=\"min-height: 486px;\" tabindex=\"1\" data-href=\"https:\/\/www.climateenergy.de\/kontakt\/\" data-target=\"_self\">\r\n<div class=\"first\"><img decoding=\"async\" loading=\"lazy\" class=\"aligncenter wp-image-230 size-full\" src=\"\/wp-content\/uploads\/2019\/12\/shutterstock_496252402-2.jpg\" alt=\"Mobile Heizger\u00e4te\" width=\"1400\" height=\"402\" \/><\/div>\r\n<div class=\"last\">\r\n<h2><\/h2>\r\n<h2 style=\"text-align: center;\">Hallenheizung<\/h2>\r\n<\/div>\r\n<\/div>\r\n<\/div>\r\n<\/div>\r\n<\/div>\r\n<\/div>\r\n<\/div>","protected":false},"excerpt":{"rendered":"Mobile Heizungen mieten f\u00fcr Baustellen, Gesch\u00e4fte, Hallen und Events Mit mobilen Heizger\u00e4ten lassen sich viele Heizl\u00f6sungen realisieren und somit zahlreiche Anwendungen abdecken. Unsere Mietheizungen helfen Ihnen schnell und unkompliziert in folgenden F\u00e4llen: Bei Ausfall Ihrer bestehenden Heizanlage Zur Baustellenbeheizung Als Frostschutz\u00fcberwachung F\u00fcr Lagerhallen oder Werkst\u00e4tten Zur Beheizung Ihrer Veranstaltungsr\u00e4ume Jetzt Kontakt aufnehmen und individuelles Angebot&#8230; <a class=\"view-article\" href=\"https:\/\/heizungen-mieten.com\/\">View Article<\/a>","protected":false},"author":1,"featured_media":0,"parent":0,"menu_order":0,"comment_status":"closed","ping_status":"closed","template":"","meta":[],"_links":{"self":[{"href":"https:\/\/heizungen-mieten.com\/index.php?rest_route=\/wp\/v2\/pages\/5"}],"collection":[{"href":"https:\/\/heizungen-mieten.com\/index.php?rest_route=\/wp\/v2\/pages"}],"about":[{"href":"https:\/\/heizungen-mieten.com\/index.php?rest_route=\/wp\/v2\/types\/page"}],"author":[{"embeddable":true,"href":"https:\/\/heizungen-mieten.com\/index.php?rest_route=\/wp\/v2\/users\/1"}],"replies":[{"embeddable":true,"href":"https:\/\/heizungen-mieten.com\/index.php?rest_route=%2Fwp%2Fv2%2Fcomments&post=5"}],"version-history":[{"count":33,"href":"https:\/\/heizungen-mieten.com\/index.php?rest_route=\/wp\/v2\/pages\/5\/revisions"}],"predecessor-version":[{"id":13,"href":"https:\/\/heizungen-mieten.com\/index.php?rest_route=\/wp\/v2\/pages\/5\/revisions\/13"}],"wp:attachment":[{"href":"https:\/\/heizungen-mieten.com\/index.php?rest_route=%2Fwp%2Fv2%2Fmedia&parent=5"}],"curies":[{"name":"wp","href":"https:\/\/api.w.org\/{rel}","templated":true}]}}